{"id":125,"date":"2022-02-23T16:56:05","date_gmt":"2022-02-23T16:56:05","guid":{"rendered":"http:\/\/vuszuka.portalis.hu\/?page_id=125"},"modified":"2024-07-27T09:50:27","modified_gmt":"2024-07-27T09:50:27","slug":"kapcsolat","status":"publish","type":"page","link":"https:\/\/www.szuletik.hu\/?page_id=125","title":{"rendered":"R\u00d3LUNK"},"content":{"rendered":"\n<div class=\"wp-block-columns is-layout-flex wp-container-core-columns-is-layout-9d6595d7 wp-block-columns-is-layout-flex\">\n<div class=\"wp-block-column is-layout-flow wp-block-column-is-layout-flow\">\n<p><strong>Alap\u00edt\u00e1s<\/strong> <strong>\u00e9ve<\/strong>: 1994.&nbsp;<br><strong>K\u00e9pvisel\u0151<\/strong>: V\u00e1rfalvi Marianna<br><strong>Sz\u00e9khely<\/strong>: 1118 Budapest, Reg\u0151s u. 14.&nbsp; VII.31.<br><strong>E-mail c\u00edm<\/strong>: <a href=\"mailto:varfalvi.marianna@gmail.com\">kapcsolat@szuletik.hu<\/a><br><strong>Telefon<\/strong>:&nbsp;+36\/20-2121-381<br><strong>Ad\u00f3sz\u00e1m<\/strong>: 18664490-1-13<br><strong>Sz\u00e1mlasz\u00e1m<\/strong>: 73200165-11277125<\/p>\n\n\n\n<p><a href=\"http:\/\/www.szuletik.hu\/wp-content\/uploads\/2024\/07\/OBHGEPI_PK_942_VedonokertUj_sz_es_ujszulott_Alapitvany_18664490143_247622654569600_400932848579.pdf\" target=\"_blank\" rel=\"noreferrer noopener\"><img loading=\"lazy\" decoding=\"async\" width=\"32\" height=\"32\" class=\"wp-image-309\" style=\"width: 32px;\" src=\"http:\/\/www.szuletik.hu\/wp-content\/uploads\/2023\/05\/pdf64.png\" alt=\"\">\u00c9ves besz\u00e1mol\u00f3 2023.<\/a><br><a href=\"http:\/\/www.szuletik.hu\/wp-content\/uploads\/2024\/07\/Kiegeszito-melleklet.pdf\" target=\"_blank\" rel=\"noreferrer noopener\"><img loading=\"lazy\" decoding=\"async\" width=\"32\" height=\"32\" class=\"wp-image-309\" style=\"width: 32px;\" src=\"http:\/\/www.szuletik.hu\/wp-content\/uploads\/2023\/05\/pdf64.png\" alt=\"\">Kieg\u00e9sz\u00edt\u0151 mell\u00e9klet<\/a><br><a href=\"http:\/\/www.szuletik.hu\/wp-content\/uploads\/2024\/07\/22KOZ_VedonokertUj_sz_es_ujszulott_Alapitvany_18664490143_450443937500800_400932690101.pdf\" target=\"_blank\" rel=\"noreferrer noopener\"><img loading=\"lazy\" decoding=\"async\" width=\"32\" height=\"32\" class=\"wp-image-309\" style=\"width: 32px;\" src=\"http:\/\/www.szuletik.hu\/wp-content\/uploads\/2023\/05\/pdf64.png\" alt=\"\"><em>K\u00f6zlem\u00e9ny az ad\u00f3z\u00f3 rendelkez\u00e9se szerint  a kedvezm\u00e9nyezett r\u00e9sz\u00e9re \u00e1tutalt \u00f6sszeg felhaszn\u00e1l\u00e1s\u00e1r\u00f3l<\/em><\/a><\/p>\n<\/div>\n\n\n\n<div class=\"wp-block-column is-layout-flow wp-block-column-is-layout-flow\">\n<figure class=\"wp-block-image size-full\"><img loading=\"lazy\" decoding=\"async\" width=\"513\" height=\"404\" src=\"http:\/\/www.szuletik.hu\/wp-content\/uploads\/2022\/02\/VM.jpeg\" alt=\"\" class=\"wp-image-157\" srcset=\"https:\/\/www.szuletik.hu\/wp-content\/uploads\/2022\/02\/VM.jpeg 513w, https:\/\/www.szuletik.hu\/wp-content\/uploads\/2022\/02\/VM-300x236.jpeg 300w, https:\/\/www.szuletik.hu\/wp-content\/uploads\/2022\/02\/VM-150x118.jpeg 150w, https:\/\/www.szuletik.hu\/wp-content\/uploads\/2022\/02\/VM-190x150.jpeg 190w\" sizes=\"auto, (max-width: 513px) 100vw, 513px\" \/><\/figure>\n<\/div>\n<\/div>\n\n\n\n<div class=\"wp-block-columns is-layout-flex wp-container-core-columns-is-layout-9d6595d7 wp-block-columns-is-layout-flex\">\n<div class=\"wp-block-column is-layout-flow wp-block-column-is-layout-flow\"><\/div>\n\n\n\n<div class=\"wp-block-column is-layout-flow wp-block-column-is-layout-flow\"><\/div>\n<\/div>\n","protected":false},"excerpt":{"rendered":"<p>Alap\u00edt\u00e1s \u00e9ve: 1994.&nbsp;K\u00e9pvisel\u0151: V\u00e1rfalvi MariannaSz\u00e9khely: 1118 Budapest, Reg\u0151s u. 14.&nbsp; VII.31.E-mail c\u00edm: kapcsolat@szuletik.huTelefon:&nbsp;+36\/20-2121-381Ad\u00f3sz\u00e1m: 18664490-1-13Sz\u00e1mlasz\u00e1m: 73200165-11277125 \u00c9ves besz\u00e1mol\u00f3 2023.Kieg\u00e9sz\u00edt\u0151 mell\u00e9kletK\u00f6zlem\u00e9ny az ad\u00f3z\u00f3 rendelkez\u00e9se szerint a kedvezm\u00e9nyezett r\u00e9sz\u00e9re \u00e1tutalt \u00f6sszeg felhaszn\u00e1l\u00e1s\u00e1r\u00f3l<\/p>\n","protected":false},"author":1,"featured_media":0,"parent":0,"menu_order":0,"comment_status":"closed","ping_status":"closed","template":"","meta":{"footnotes":""},"class_list":["post-125","page","type-page","status-publish","hentry"],"_links":{"self":[{"href":"https:\/\/www.szuletik.hu\/index.php?rest_route=\/wp\/v2\/pages\/125","targetHints":{"allow":["GET"]}}],"collection":[{"href":"https:\/\/www.szuletik.hu\/index.php?rest_route=\/wp\/v2\/pages"}],"about":[{"href":"https:\/\/www.szuletik.hu\/index.php?rest_route=\/wp\/v2\/types\/page"}],"author":[{"embeddable":true,"href":"https:\/\/www.szuletik.hu\/index.php?rest_route=\/wp\/v2\/users\/1"}],"replies":[{"embeddable":true,"href":"https:\/\/www.szuletik.hu\/index.php?rest_route=%2Fwp%2Fv2%2Fcomments&post=125"}],"version-history":[{"count":17,"href":"https:\/\/www.szuletik.hu\/index.php?rest_route=\/wp\/v2\/pages\/125\/revisions"}],"predecessor-version":[{"id":430,"href":"https:\/\/www.szuletik.hu\/index.php?rest_route=\/wp\/v2\/pages\/125\/revisions\/430"}],"wp:attachment":[{"href":"https:\/\/www.szuletik.hu\/index.php?rest_route=%2Fwp%2Fv2%2Fmedia&parent=125"}],"curies":[{"name":"wp","href":"https:\/\/api.w.org\/{rel}","templated":true}]}}