{"id":2,"date":"2022-01-18T09:38:52","date_gmt":"2022-01-18T09:38:52","guid":{"rendered":"http:\/\/vuszuka.portalis.hu\/?page_id=2"},"modified":"2024-08-27T11:14:30","modified_gmt":"2024-08-27T11:14:30","slug":"ez-egy-minta-oldal","status":"publish","type":"page","link":"https:\/\/www.szuletik.hu\/?page_id=2","title":{"rendered":"\u00c9RT\u00c9KEINK"},"content":{"rendered":"\n<ul class=\"wp-block-list\">\n<li><strong>AZ EG\u00c9SZS\u00c9G<\/strong> szem\u00e9lyes \u00e9s nemzeti kincs\u00fcnk, er\u0151forr\u00e1sunk<\/li>\n\n\n\n<li><strong>AZ ES\u00c9LYEGYENL\u0150S\u00c9G<\/strong> az eg\u00e9szs\u00e9ghez val\u00f3 hozz\u00e1jut\u00e1s minden ember alkotm\u00e1nyos joga (a fogamz\u00e1st\u00f3l a feln\u0151tt korig k\u00fclk\u00f6n\u00f6s v\u00e9delmet \u00e9s seg\u00edts\u00e9get ig\u00e9nyel)<\/li>\n\n\n\n<li><strong>\u00c9RT\u00c9K A HARMONIKUS, EG\u00c9SZS\u00c9GES CSAL\u00c1D<\/strong>, mely eg\u00e9sz \u00e9let\u00fcnket megalapozza, v\u00e9gig k\u00eds\u00e9ri<\/li>\n\n\n\n<li><strong>EGYETEMES, EUR\u00d3PAI, NEMZETI \u00c9RT\u00c9KEK<\/strong> az emberi er\u0151forr\u00e1s fejleszt\u00e9sben alapvet\u0151k, meghat\u00e1roz\u00f3k<\/li>\n\n\n\n<li><strong>EL\u00c9RHET\u0150<\/strong> tudom\u00e1nyosan elfogadott ismeret-, m\u00f3dszer\u00e1tad\u00e1s, t\u00e1mogat\u00f3 k\u00f6rnyezet seg\u00edt a harmonikus csal\u00e1dk\u00e9p megval\u00f3s\u00edt\u00e1s\u00e1ban<\/li>\n\n\n\n<li><strong>ELKER\u00dcLHET\u0150, MEGEL\u0150ZHET\u0150, KEZELHET\u0150<\/strong> a csal\u00e1ddal \u00e9s az eg\u00e9szs\u00e9ggel \u00f6sszef\u00fcgg\u0151 probl\u00e9m\u00e1k t\u00f6bbs\u00e9ge<\/li>\n<\/ul>\n\n\n<div class=\"wp-block-image is-style-rounded\">\n<figure class=\"aligncenter size-full\"><img loading=\"lazy\" decoding=\"async\" width=\"640\" height=\"427\" src=\"http:\/\/vuszuka.portalis.hu\/wp-content\/uploads\/2022\/02\/family-g5361bcc3e_640.jpg\" alt=\"\" class=\"wp-image-89\" srcset=\"https:\/\/www.szuletik.hu\/wp-content\/uploads\/2022\/02\/family-g5361bcc3e_640.jpg 640w, https:\/\/www.szuletik.hu\/wp-content\/uploads\/2022\/02\/family-g5361bcc3e_640-300x200.jpg 300w, https:\/\/www.szuletik.hu\/wp-content\/uploads\/2022\/02\/family-g5361bcc3e_640-150x100.jpg 150w, https:\/\/www.szuletik.hu\/wp-content\/uploads\/2022\/02\/family-g5361bcc3e_640-225x150.jpg 225w\" sizes=\"auto, (max-width: 640px) 100vw, 640px\" \/><\/figure>\n<\/div>\n\n\n<blockquote class=\"wp-block-quote is-layout-flow wp-block-quote-is-layout-flow\">\n<p>\u00dagy \u00e1radjon szereteted, mint a t\u0171z f\u00e9nye-melege: mindenre egyform\u00e1n. Akik k\u00f6zel j\u00f6nnek hozz\u00e1d, azokra t\u00f6bb ess\u00e9k f\u00e9nyedb\u0151l \u00e9s melegedb\u0151l, mint akiknek nincs sz\u00fcks\u00e9g\u00fck ter\u00e1d. Csal\u00e1dtagjaid, mindennapi t\u00e1rsaid s a hozz\u00e1d fordul\u00f3k olyanok legyenek sz\u00e1modra, mint a k\u00e1lyh\u00e1nak a szoba, melynek meleg\u00edt\u00e9s\u00e9re rendelik.<\/p>\n<cite>We\u00f6res S\u00e1ndor<\/cite><\/blockquote>\n","protected":false},"excerpt":{"rendered":"<p>\u00dagy \u00e1radjon szereteted, mint a t\u0171z f\u00e9nye-melege: mindenre egyform\u00e1n. Akik k\u00f6zel j\u00f6nnek hozz\u00e1d, azokra t\u00f6bb ess\u00e9k f\u00e9nyedb\u0151l \u00e9s melegedb\u0151l, mint akiknek nincs sz\u00fcks\u00e9g\u00fck ter\u00e1d. Csal\u00e1dtagjaid, mindennapi t\u00e1rsaid s a hozz\u00e1d fordul\u00f3k olyanok legyenek sz\u00e1modra, mint a k\u00e1lyh\u00e1nak a szoba, melynek meleg\u00edt\u00e9s\u00e9re rendelik. We\u00f6res S\u00e1ndor<\/p>\n","protected":false},"author":1,"featured_media":0,"parent":0,"menu_order":0,"comment_status":"closed","ping_status":"open","template":"","meta":{"footnotes":""},"class_list":["post-2","page","type-page","status-publish","hentry"],"_links":{"self":[{"href":"https:\/\/www.szuletik.hu\/index.php?rest_route=\/wp\/v2\/pages\/2","targetHints":{"allow":["GET"]}}],"collection":[{"href":"https:\/\/www.szuletik.hu\/index.php?rest_route=\/wp\/v2\/pages"}],"about":[{"href":"https:\/\/www.szuletik.hu\/index.php?rest_route=\/wp\/v2\/types\/page"}],"author":[{"embeddable":true,"href":"https:\/\/www.szuletik.hu\/index.php?rest_route=\/wp\/v2\/users\/1"}],"replies":[{"embeddable":true,"href":"https:\/\/www.szuletik.hu\/index.php?rest_route=%2Fwp%2Fv2%2Fcomments&post=2"}],"version-history":[{"count":22,"href":"https:\/\/www.szuletik.hu\/index.php?rest_route=\/wp\/v2\/pages\/2\/revisions"}],"predecessor-version":[{"id":443,"href":"https:\/\/www.szuletik.hu\/index.php?rest_route=\/wp\/v2\/pages\/2\/revisions\/443"}],"wp:attachment":[{"href":"https:\/\/www.szuletik.hu\/index.php?rest_route=%2Fwp%2Fv2%2Fmedia&parent=2"}],"curies":[{"name":"wp","href":"https:\/\/api.w.org\/{rel}","templated":true}]}}

ÉRTÉKEINK

<ul class="wp-block-list">
<li><strong>AZ EGÉSZSÉG</strong> személyes és nemzeti kincsünk, erőforrásunk</li>



<li><strong>AZ ESÉLYEGYENLŐSÉG</strong> az egészséghez való hozzájutás minden ember alkotmányos joga (a fogamzástól a felnőtt korig külkönös védelmet és segítséget igényel)</li>



<li><strong>ÉRTÉK A HARMONIKUS, EGÉSZSÉGES CSALÁD</strong>, mely egész életünket megalapozza, végig kíséri</li>



<li><strong>EGYETEMES, EURÓPAI, NEMZETI ÉRTÉKEK</strong> az emberi erőforrás fejlesztésben alapvetők, meghatározók</li>



<li><strong>ELÉRHETŐ</strong> tudományosan elfogadott ismeret-, módszerátadás, támogató környezet segít a harmonikus családkép megvalósításában</li>



<li><strong>ELKERÜLHETŐ, MEGELŐZHETŐ, KEZELHETŐ</strong> a családdal és az egészséggel összefüggő problémák többsége</li>
</ul>


<div class="wp-block-image is-style-rounded">
<figure class="aligncenter size-full"><img loading="lazy" decoding="async" width="640" height="427" src="http://vuszuka.portalis.hu/wp-content/uploads/2022/02/family-g5361bcc3e_640.jpg" alt="" class="wp-image-89" srcset="https://www.szuletik.hu/wp-content/uploads/2022/02/family-g5361bcc3e_640.jpg 640w, https://www.szuletik.hu/wp-content/uploads/2022/02/family-g5361bcc3e_640-300x200.jpg 300w, https://www.szuletik.hu/wp-content/uploads/2022/02/family-g5361bcc3e_640-150x100.jpg 150w, https://www.szuletik.hu/wp-content/uploads/2022/02/family-g5361bcc3e_640-225x150.jpg 225w" sizes="auto, (max-width: 640px) 100vw, 640px" /></figure>
</div>


<blockquote class="wp-block-quote is-layout-flow wp-block-quote-is-layout-flow">
<p>Úgy áradjon szereteted, mint a tűz fénye-melege: mindenre egyformán. Akik közel jönnek hozzád, azokra több essék fényedből és melegedből, mint akiknek nincs szükségük terád. Családtagjaid, mindennapi társaid s a hozzád fordulók olyanok legyenek számodra, mint a kályhának a szoba, melynek melegítésére rendelik.</p>
<cite>Weöres Sándor</cite></blockquote>

<p>Úgy áradjon szereteted, mint a tűz fénye-melege: mindenre egyformán. Akik közel jönnek hozzád, azokra több essék fényedből és melegedből, mint akiknek nincs szükségük terád. Családtagjaid, mindennapi társaid s a hozzád fordulók olyanok legyenek számodra, mint a kályhának a szoba, melynek melegítésére rendelik. Weöres Sándor</p>
