{"id":347,"date":"2023-08-08T10:36:42","date_gmt":"2023-08-08T10:36:42","guid":{"rendered":"http:\/\/www.szuletik.hu\/?page_id=347"},"modified":"2025-11-04T11:22:56","modified_gmt":"2025-11-04T11:22:56","slug":"media-archivum","status":"publish","type":"page","link":"https:\/\/www.szuletik.hu\/?page_id=347","title":{"rendered":"M\u00c9DIAT\u00c1R II."},"content":{"rendered":"\n<p>Antal Emese dietetikai tan\u00e1csai a szoptat\u00e1s idej\u00e9re.<\/p>\n\n\n\n<figure class=\"wp-block-embed is-type-video is-provider-youtube wp-block-embed-youtube wp-embed-aspect-16-9 wp-has-aspect-ratio\"><div class=\"wp-block-embed__wrapper\">\n<iframe loading=\"lazy\" title=\"szuletik.hu Antal Emese dietetikai tan\u00e1csai a szoptat\u00e1s idej\u00e9re\" width=\"800\" height=\"450\" src=\"https:\/\/www.youtube.com\/embed\/videoseries?list=PLiz3e0bm2DErdTo8n3GrHgMZlTchxC4kZ\" frameborder=\"0\" allow=\"accelerometer; autoplay; clipboard-write; encrypted-media; gyroscope; picture-in-picture; web-share\" referrerpolicy=\"strict-origin-when-cross-origin\" allowfullscreen><\/iframe>\n<\/div><\/figure>\n\n\n\n<hr class=\"wp-block-separator has-alpha-channel-opacity\"\/>\n\n\n\n<p><strong>Ap\u00e1knak f\u00e9rfiakr\u00f3l c\u00edm\u0171 netes kisfilmsorozat<\/strong><\/p>\n\n\n\n<figure class=\"wp-block-embed is-type-video is-provider-youtube wp-block-embed-youtube wp-embed-aspect-16-9 wp-has-aspect-ratio\"><div class=\"wp-block-embed__wrapper\">\n<iframe loading=\"lazy\" title=\"Ap\u00e1knak f\u00e9rfiakr\u00f3l\" width=\"800\" height=\"450\" src=\"https:\/\/www.youtube.com\/embed\/videoseries?list=PLiz3e0bm2DEpfvsnT5KfvmTeynQ4YS7DL\" frameborder=\"0\" allow=\"accelerometer; autoplay; clipboard-write; encrypted-media; gyroscope; picture-in-picture; web-share\" referrerpolicy=\"strict-origin-when-cross-origin\" allowfullscreen><\/iframe>\n<\/div><\/figure>\n\n\n\n<p>Epiz\u00f3dok:<\/p>\n\n\n\n<p><a rel=\"noreferrer noopener\" href=\"https:\/\/youtu.be\/Rv4_UgN5aFM\" target=\"_blank\">&nbsp;1. Epiz\u00f3d &#8211; Mir\u0151l mes\u00e9lj\u00fcnk fiainknak?<\/a><br><a rel=\"noreferrer noopener\" href=\"https:\/\/youtu.be\/8z7h71tPoT4\" target=\"_blank\">&nbsp;2. Epiz\u00f3d &#8211; A kisgyerekes ap\u00e1k meglepet\u00e9se.<\/a><br><a rel=\"noreferrer noopener\" href=\"https:\/\/youtu.be\/EiFfTzJuF50\" target=\"_blank\">&nbsp;3. Epiz\u00f3d &#8211; Anyajegyek &#8211; h\u00e1zasoknak \u00e9s h\u00e1zasuland\u00f3knak.<\/a><br><a rel=\"noreferrer noopener\" href=\"https:\/\/youtu.be\/8kMsSuH0CmU\" target=\"_blank\">&nbsp;4. Epiz\u00f3d &#8211; Az apa teret ad &#8211; l\u00e1bait az anyj\u00e1t\u00f3l, l\u00e9pteit az apj\u00e1t\u00f3l.<\/a><br><a rel=\"noreferrer noopener\" href=\"https:\/\/youtu.be\/Z_TAiReHvvA\" target=\"_blank\">&nbsp;5. Epiz\u00f3d &#8211; Apasebek &#8211; az apa m\u00e9lt\u00f3s\u00e1got ad.<\/a><br><a rel=\"noreferrer noopener\" href=\"https:\/\/youtu.be\/De3GBrJHdGQ\" target=\"_blank\">&nbsp;6. Epiz\u00f3d &#8211; Az apasebek gy\u00f3gy\u00edt\u00e1sa<\/a><br><a rel=\"noreferrer noopener\" href=\"https:\/\/youtu.be\/h1uPg08ELAg\" target=\"_blank\">&nbsp;7. Epiz\u00f3d &#8211; Sose \u00f6ld meg! &#8211; az irgalmas f\u00e9rfi<\/a><br><a rel=\"noreferrer noopener\" href=\"https:\/\/youtu.be\/ZutISH43e-Y\" target=\"_blank\">&nbsp;8. Epiz\u00f3d &#8211; F\u00e9rfiarchet\u00edpusok I. &#8211; A kir\u00e1ly<\/a><br><a href=\"https:\/\/youtu.be\/6Eo2iGteEVM\">&nbsp;9. Epiz\u00f3d &#8211; F\u00e9rfiarchet\u00edpusok II. &#8211; A harcos<\/a><br><a rel=\"noreferrer noopener\" href=\"https:\/\/youtu.be\/5wLknKviCuU\" target=\"_blank\">10. Epiz\u00f3d &#8211; F\u00e9rfiarchet\u00edpusok III. &#8211; A szerelmes<\/a><br><a rel=\"noreferrer noopener\" href=\"https:\/\/youtu.be\/76ArBzC28Eg\" target=\"_blank\">11. Epiz\u00f3d &#8211; F\u00e9rfiarchet\u00edpusok IV. &#8211; A m\u00e1gus<\/a><br><a rel=\"noreferrer noopener\" href=\"https:\/\/youtu.be\/GV7KVz9UTIw\" target=\"_blank\">12. Epiz\u00f3d &#8211; A hathat\u00f3s f\u00e9rfi &#8211; bel\u00fcl a s\u00falypont<\/a><br><a rel=\"noreferrer noopener\" href=\"https:\/\/youtu.be\/nIs2nGtQlEU\" target=\"_blank\">13. Epiz\u00f3d &#8211; Elk\u00f6telez\u0151d\u00e9s &#8211; \u00f6nfeledten, l\u00e1that\u00f3an<\/a><br><a rel=\"noreferrer noopener\" href=\"https:\/\/youtu.be\/W111IYupuGM\" target=\"_blank\">14. Epiz\u00f3d &#8211; A f\u00e9lelem er\u0151forr\u00e1s &#8211; kih\u00edv\u00e1s, kudarc, k\u00fczdelem<\/a><br><a rel=\"noreferrer noopener\" href=\"https:\/\/youtu.be\/Q1nc62oZSc4\" target=\"_blank\">15. Epiz\u00f3d &#8211; Beavat\u00e1s &#8211; a f\u00e9rfinak oka van<\/a><br><a rel=\"noreferrer noopener\" href=\"https:\/\/youtu.be\/EsmXqWTrkb0\" target=\"_blank\">16. Epiz\u00f3d &#8211; T\u00e1pl\u00e1lj\u00e1k vagy felem\u00e9sztik egym\u00e1st a nemzed\u00e9kek?<\/a><br><a rel=\"noreferrer noopener\" href=\"https:\/\/youtu.be\/7Taq6a0Z0NE\" target=\"_blank\">17. Epiz\u00f3d &#8211; Mi\u00e9rt ne al\u00e1zd meg a f\u00e9rfit?<br><\/a><a rel=\"noreferrer noopener\" href=\"https:\/\/youtu.be\/oSkemOfQcQk\" target=\"_blank\">18. Epiz\u00f3d &#8211; Amikor a f\u00e9rfi haza\u00e9r &#8211; A legjobb otthon?<\/a><br><a rel=\"noreferrer noopener\" href=\"https:\/\/youtu.be\/dmnybYw_QdA\" target=\"_blank\">19. Epiz\u00f3d &#8211;&nbsp;A k\u00fczd\u00e9s maga &#8211; ha tanulni akarsz, \u00e1llj bele!<\/a><\/p>\n\n\n\n<p><strong><em>A filmsorozatot &#8220;A V\u00e9d\u0151n\u0151k\u00e9rt, \u00faj sz\u00fcl\u0151k \u00e9s \u00fajsz\u00fcl\u00f6ttek\u00e9rt Alap\u00edtv\u00e1ny&#8221; a NEA-UN-18-SZ-0445 p\u00e1ly\u00e1zati t\u00e1mogat\u00e1s\u00e1val, Hajnal Gergely, Luk\u00e1csy Gy\u00f6rgy, Pill\u00f3 \u00c1kos k\u00e9sz\u00edtett\u00e9k.<\/em><\/strong><\/p>\n\n\n\n<p><strong>Legfrissebb epiz\u00f3dok:<\/strong><\/p>\n\n\n\n<p><a rel=\"noreferrer noopener\" href=\"https:\/\/youtu.be\/4XEwXx8UQtY\" target=\"_blank\">Z\u00d6LDI P\u00c1L: A csod\u00e1ra id\u0151 kell &#8211; A gyermekekre \u00e1ldozott id\u0151r\u0151l<\/a><br><a rel=\"noreferrer noopener\" href=\"https:\/\/youtu.be\/uQFMuYCPn8E\" target=\"_blank\">Z\u00d6LDI P\u00c1L: Hagyjuk elk\u00f6vetni a hib\u00e1ikat a gyerekeiknek<\/a><br><a rel=\"noreferrer noopener\" href=\"https:\/\/youtu.be\/FBZxBlqsess\" target=\"_blank\">DERVARICS G\u00c1BOR: Ap\u00e1v\u00e1 v\u00e1lni<\/a><br><a rel=\"noreferrer noopener\" href=\"https:\/\/youtu.be\/2Gy9T23prx4\" target=\"_blank\">BODOR TIBOR: \u00c9letk\u00f6zepi \u00fajratervez\u00e9s &#8211; Mit\u0151l f\u00e9rfi a f\u00e9rfi?<\/a><\/p>\n\n\n\n<p><strong><em>Az \u00fajabb n\u00e9gy epiz\u00f3dot &#8220;A V\u00e9d\u0151n\u0151k\u00e9rt, \u00faj sz\u00fcl\u0151k \u00e9s \u00fajsz\u00fcl\u00f6ttek\u00e9rt Alap\u00edtv\u00e1ny&#8221; a <strong>NEAO-KP-1-2022\/8-001366<\/strong>p\u00e1ly\u00e1zati t\u00e1mogat\u00e1s\u00e1val, R\u00e9tis L\u00e1szl\u00f3 \u00e9s Hajnal Gergely k\u00e9sz\u00edtett\u00e9k.<\/em><\/strong><\/p>\n\n\n\n<hr class=\"wp-block-separator has-alpha-channel-opacity\"\/>\n\n\n\n<p><strong>\u201eCsal\u00e1dban maradva\u201d kisfilmek<\/strong><\/p>\n\n\n\n<ul class=\"wp-block-list\">\n<li><\/li>\n\n\n\n<li><a href=\"http:\/\/www.mvszsz.hu\/index.php\/hu\/partnereink\">Partnereink<\/a><\/li>\n\n\n\n<li><a href=\"http:\/\/www.mvszsz.hu\/index.php\/hu\/webmuzeum\">Webm\u00fazeum<\/a><\/li>\n<\/ul>\n\n\n\n<h1 class=\"wp-block-heading\">\u201eCsal\u00e1dban maradva\u201d kisfilmek<\/h1>\n\n\n\n<p>A <strong>\u201eCsal\u00e1dban maradva\u201d kisfilmek<\/strong> ingyenesen megn\u00e9zhet\u0151k, sz\u00edvb\u0151l aj\u00e1nljuk! A projekt a M\u00e9diatan\u00e1cs t\u00e1mogat\u00e1s\u00e1val a Nemzeti M\u00e9dia- \u00e9s H\u00edrk\u00f6zl\u00e9si Hat\u00f3s\u00e1g Mecenat\u00fara programj\u00e1nak keret\u00e9ben indult, ahova a magyar jezsuit\u00e1k alap\u00edtv\u00e1nya ny\u00fajtott be p\u00e1ly\u00e1zatot.<\/p>\n\n\n\n<p>Az \u00f6t kisfilm n\u00e9gy csal\u00e1d \u00e9let\u00e9be enged bepillant\u00e1st. Olyan csal\u00e1dokat keres\u00fcnk fel, akik a k\u00fcls\u0151 szeml\u00e9l\u0151 sz\u00e1m\u00e1ra els\u0151re \u00e9pnek, eg\u00e9szs\u00e9gesnek, mi t\u00f6bb, ak\u00e1r ide\u00e1lisnak t\u0171nnek, azonban egy \u00e1tlagos vagy att\u00f3l d\u00f6nt\u0151en elt\u00e9r\u0151 esem\u00e9ny vagy k\u00f6r\u00fclm\u00e9ny \u00e1ltal a sors k\u00fcl\u00f6n\u00f6s neh\u00e9zs\u00e9get r\u00f3tt r\u00e1juk (elvesz\u00edtett gyermek, elmaradt gyermek\u00e1ld\u00e1s majd \u00f6r\u00f6kbefogad\u00e1s, s\u00e9r\u00fclten sz\u00fcletett gyermek, kapcsolati konfliktusok). Mindezek ellen\u00e9re azonban a probl\u00e9m\u00e1kkal k\u00fcszk\u00f6d\u0151 csal\u00e1dok m\u00e9gis teljes \u00e9letet \u00e9lnek. A filmekb\u0151l megtudjuk, mik\u00e9nt tudt\u00e1k a neh\u00e9zs\u00e9gek ellen\u00e9re is meg\u0151rizni a csal\u00e1d egys\u00e9g\u00e9t \u00e9s elk\u00f6telez\u0151d\u00e9s\u00fcket egym\u00e1s ir\u00e1nt, mik\u00f6zben a vesztes\u00e9get teremt\u0151 m\u00f3don be\u00e9p\u00edtett\u00e9k \u00e9let\u00fckbe ez\u00e1ltal t\u00e9ve azt teljess\u00e9.<\/p>\n\n\n\n<figure class=\"wp-block-embed is-type-video is-provider-youtube wp-block-embed-youtube wp-embed-aspect-16-9 wp-has-aspect-ratio\"><div class=\"wp-block-embed__wrapper\">\n<iframe loading=\"lazy\" title=\"Csal\u00e1dban maradva\" width=\"800\" height=\"450\" src=\"https:\/\/www.youtube.com\/embed\/videoseries?list=PLiz3e0bm2DErz8-zPzztdDHhFFB8C8xJe\" frameborder=\"0\" allow=\"accelerometer; autoplay; clipboard-write; encrypted-media; gyroscope; picture-in-picture; web-share\" referrerpolicy=\"strict-origin-when-cross-origin\" allowfullscreen><\/iframe>\n<\/div><\/figure>\n","protected":false},"excerpt":{"rendered":"<p>Antal Emese dietetikai tan\u00e1csai a szoptat\u00e1s idej\u00e9re. Ap\u00e1knak f\u00e9rfiakr\u00f3l c\u00edm\u0171 netes kisfilmsorozat Epiz\u00f3dok: &nbsp;1. Epiz\u00f3d &#8211; Mir\u0151l mes\u00e9lj\u00fcnk fiainknak?&nbsp;2. Epiz\u00f3d &#8211; A kisgyerekes ap\u00e1k meglepet\u00e9se.&nbsp;3. Epiz\u00f3d &#8211; Anyajegyek &#8211; h\u00e1zasoknak \u00e9s h\u00e1zasuland\u00f3knak.&nbsp;4. Epiz\u00f3d &#8211; Az apa teret ad &#8211; l\u00e1bait az anyj\u00e1t\u00f3l, l\u00e9pteit az apj\u00e1t\u00f3l.&nbsp;5. Epiz\u00f3d &#8211; Apasebek &#8211; az&#8230; <a class=\"continue-reading-link\" href=\"https:\/\/www.szuletik.hu\/?page_id=347\">Cikk folytat\u00e1sa&#8230; <span class=\"meta-nav\">&rarr; <\/span><\/a><\/p>\n","protected":false},"author":1,"featured_media":0,"parent":0,"menu_order":0,"comment_status":"closed","ping_status":"closed","template":"","meta":{"footnotes":""},"class_list":["post-347","page","type-page","status-publish","hentry"],"_links":{"self":[{"href":"https:\/\/www.szuletik.hu\/index.php?rest_route=\/wp\/v2\/pages\/347","targetHints":{"allow":["GET"]}}],"collection":[{"href":"https:\/\/www.szuletik.hu\/index.php?rest_route=\/wp\/v2\/pages"}],"about":[{"href":"https:\/\/www.szuletik.hu\/index.php?rest_route=\/wp\/v2\/types\/page"}],"author":[{"embeddable":true,"href":"https:\/\/www.szuletik.hu\/index.php?rest_route=\/wp\/v2\/users\/1"}],"replies":[{"embeddable":true,"href":"https:\/\/www.szuletik.hu\/index.php?rest_route=%2Fwp%2Fv2%2Fcomments&post=347"}],"version-history":[{"count":7,"href":"https:\/\/www.szuletik.hu\/index.php?rest_route=\/wp\/v2\/pages\/347\/revisions"}],"predecessor-version":[{"id":554,"href":"https:\/\/www.szuletik.hu\/index.php?rest_route=\/wp\/v2\/pages\/347\/revisions\/554"}],"wp:attachment":[{"href":"https:\/\/www.szuletik.hu\/index.php?rest_route=%2Fwp%2Fv2%2Fmedia&parent=347"}],"curies":[{"name":"wp","href":"https:\/\/api.w.org\/{rel}","templated":true}]}}

MÉDIATÁR II.

<p>Antal Emese dietetikai tanácsai a szoptatás idejére.</p>



<figure class="wp-block-embed is-type-video is-provider-youtube wp-block-embed-youtube wp-embed-aspect-16-9 wp-has-aspect-ratio"><div class="wp-block-embed__wrapper">
<iframe loading="lazy" title="szuletik.hu Antal Emese dietetikai tanácsai a szoptatás idejére" width="800" height="450" src="https://www.youtube.com/embed/videoseries?list=PLiz3e0bm2DErdTo8n3GrHgMZlTchxC4kZ" frameborder="0" allow="accelerometer; autoplay; clipboard-write; encrypted-media; gyroscope; picture-in-picture; web-share" referrerpolicy="strict-origin-when-cross-origin" allowfullscreen></iframe>
</div></figure>



<hr class="wp-block-separator has-alpha-channel-opacity"/>



<p><strong>Apáknak férfiakról című netes kisfilmsorozat</strong></p>



<figure class="wp-block-embed is-type-video is-provider-youtube wp-block-embed-youtube wp-embed-aspect-16-9 wp-has-aspect-ratio"><div class="wp-block-embed__wrapper">
<iframe loading="lazy" title="Apáknak férfiakról" width="800" height="450" src="https://www.youtube.com/embed/videoseries?list=PLiz3e0bm2DEpfvsnT5KfvmTeynQ4YS7DL" frameborder="0" allow="accelerometer; autoplay; clipboard-write; encrypted-media; gyroscope; picture-in-picture; web-share" referrerpolicy="strict-origin-when-cross-origin" allowfullscreen></iframe>
</div></figure>



<p>Epizódok:</p>



<p><a rel="noreferrer noopener" href="https://youtu.be/Rv4_UgN5aFM" target="_blank">&nbsp;1. Epizód &#8211; Miről meséljünk fiainknak?</a><br><a rel="noreferrer noopener" href="https://youtu.be/8z7h71tPoT4" target="_blank">&nbsp;2. Epizód &#8211; A kisgyerekes apák meglepetése.</a><br><a rel="noreferrer noopener" href="https://youtu.be/EiFfTzJuF50" target="_blank">&nbsp;3. Epizód &#8211; Anyajegyek &#8211; házasoknak és házasulandóknak.</a><br><a rel="noreferrer noopener" href="https://youtu.be/8kMsSuH0CmU" target="_blank">&nbsp;4. Epizód &#8211; Az apa teret ad &#8211; lábait az anyjától, lépteit az apjától.</a><br><a rel="noreferrer noopener" href="https://youtu.be/Z_TAiReHvvA" target="_blank">&nbsp;5. Epizód &#8211; Apasebek &#8211; az apa méltóságot ad.</a><br><a rel="noreferrer noopener" href="https://youtu.be/De3GBrJHdGQ" target="_blank">&nbsp;6. Epizód &#8211; Az apasebek gyógyítása</a><br><a rel="noreferrer noopener" href="https://youtu.be/h1uPg08ELAg" target="_blank">&nbsp;7. Epizód &#8211; Sose öld meg! &#8211; az irgalmas férfi</a><br><a rel="noreferrer noopener" href="https://youtu.be/ZutISH43e-Y" target="_blank">&nbsp;8. Epizód &#8211; Férfiarchetípusok I. &#8211; A király</a><br><a href="https://youtu.be/6Eo2iGteEVM">&nbsp;9. Epizód &#8211; Férfiarchetípusok II. &#8211; A harcos</a><br><a rel="noreferrer noopener" href="https://youtu.be/5wLknKviCuU" target="_blank">10. Epizód &#8211; Férfiarchetípusok III. &#8211; A szerelmes</a><br><a rel="noreferrer noopener" href="https://youtu.be/76ArBzC28Eg" target="_blank">11. Epizód &#8211; Férfiarchetípusok IV. &#8211; A mágus</a><br><a rel="noreferrer noopener" href="https://youtu.be/GV7KVz9UTIw" target="_blank">12. Epizód &#8211; A hathatós férfi &#8211; belül a súlypont</a><br><a rel="noreferrer noopener" href="https://youtu.be/nIs2nGtQlEU" target="_blank">13. Epizód &#8211; Elköteleződés &#8211; önfeledten, láthatóan</a><br><a rel="noreferrer noopener" href="https://youtu.be/W111IYupuGM" target="_blank">14. Epizód &#8211; A félelem erőforrás &#8211; kihívás, kudarc, küzdelem</a><br><a rel="noreferrer noopener" href="https://youtu.be/Q1nc62oZSc4" target="_blank">15. Epizód &#8211; Beavatás &#8211; a férfinak oka van</a><br><a rel="noreferrer noopener" href="https://youtu.be/EsmXqWTrkb0" target="_blank">16. Epizód &#8211; Táplálják vagy felemésztik egymást a nemzedékek?</a><br><a rel="noreferrer noopener" href="https://youtu.be/7Taq6a0Z0NE" target="_blank">17. Epizód &#8211; Miért ne alázd meg a férfit?<br></a><a rel="noreferrer noopener" href="https://youtu.be/oSkemOfQcQk" target="_blank">18. Epizód &#8211; Amikor a férfi hazaér &#8211; A legjobb otthon?</a><br><a rel="noreferrer noopener" href="https://youtu.be/dmnybYw_QdA" target="_blank">19. Epizód &#8211;&nbsp;A küzdés maga &#8211; ha tanulni akarsz, állj bele!</a></p>



<p><strong><em>A filmsorozatot &#8220;A Védőnőkért, új szülők és újszülöttekért Alapítvány&#8221; a NEA-UN-18-SZ-0445 pályázati támogatásával, Hajnal Gergely, Lukácsy György, Pilló Ákos készítették.</em></strong></p>



<p><strong>Legfrissebb epizódok:</strong></p>



<p><a rel="noreferrer noopener" href="https://youtu.be/4XEwXx8UQtY" target="_blank">ZÖLDI PÁL: A csodára idő kell &#8211; A gyermekekre áldozott időről</a><br><a rel="noreferrer noopener" href="https://youtu.be/uQFMuYCPn8E" target="_blank">ZÖLDI PÁL: Hagyjuk elkövetni a hibáikat a gyerekeiknek</a><br><a rel="noreferrer noopener" href="https://youtu.be/FBZxBlqsess" target="_blank">DERVARICS GÁBOR: Apává válni</a><br><a rel="noreferrer noopener" href="https://youtu.be/2Gy9T23prx4" target="_blank">BODOR TIBOR: Életközepi újratervezés &#8211; Mitől férfi a férfi?</a></p>



<p><strong><em>Az újabb négy epizódot &#8220;A Védőnőkért, új szülők és újszülöttekért Alapítvány&#8221; a <strong>NEAO-KP-1-2022/8-001366</strong>pályázati támogatásával, Rétis László és Hajnal Gergely készítették.</em></strong></p>



<hr class="wp-block-separator has-alpha-channel-opacity"/>



<p><strong>„Családban maradva” kisfilmek</strong></p>



<ul class="wp-block-list">
<li></li>



<li><a href="http://www.mvszsz.hu/index.php/hu/partnereink">Partnereink</a></li>



<li><a href="http://www.mvszsz.hu/index.php/hu/webmuzeum">Webmúzeum</a></li>
</ul>



<h1 class="wp-block-heading">„Családban maradva” kisfilmek</h1>



<p>A <strong>„Családban maradva” kisfilmek</strong> ingyenesen megnézhetők, szívből ajánljuk! A projekt a Médiatanács támogatásával a Nemzeti Média- és Hírközlési Hatóság Mecenatúra programjának keretében indult, ahova a magyar jezsuiták alapítványa nyújtott be pályázatot.</p>



<p>Az öt kisfilm négy család életébe enged bepillantást. Olyan családokat keresünk fel, akik a külső szemlélő számára elsőre épnek, egészségesnek, mi több, akár ideálisnak tűnnek, azonban egy átlagos vagy attól döntően eltérő esemény vagy körülmény által a sors különös nehézséget rótt rájuk (elveszített gyermek, elmaradt gyermekáldás majd örökbefogadás, sérülten született gyermek, kapcsolati konfliktusok). Mindezek ellenére azonban a problémákkal küszködő családok mégis teljes életet élnek. A filmekből megtudjuk, miként tudták a nehézségek ellenére is megőrizni a család egységét és elköteleződésüket egymás iránt, miközben a veszteséget teremtő módon beépítették életükbe ezáltal téve azt teljessé.</p>



<figure class="wp-block-embed is-type-video is-provider-youtube wp-block-embed-youtube wp-embed-aspect-16-9 wp-has-aspect-ratio"><div class="wp-block-embed__wrapper">
<iframe loading="lazy" title="Családban maradva" width="800" height="450" src="https://www.youtube.com/embed/videoseries?list=PLiz3e0bm2DErz8-zPzztdDHhFFB8C8xJe" frameborder="0" allow="accelerometer; autoplay; clipboard-write; encrypted-media; gyroscope; picture-in-picture; web-share" referrerpolicy="strict-origin-when-cross-origin" allowfullscreen></iframe>
</div></figure>

<p>Antal Emese dietetikai tanácsai a szoptatás idejére. Apáknak férfiakról című netes kisfilmsorozat Epizódok: &nbsp;1. Epizód &#8211; Miről meséljünk fiainknak?&nbsp;2. Epizód &#8211; A kisgyerekes apák meglepetése.&nbsp;3. Epizód &#8211; Anyajegyek &#8211; házasoknak és házasulandóknak.&nbsp;4. Epizód &#8211; Az apa teret ad &#8211; lábait az anyjától, lépteit az apjától.&nbsp;5. Epizód &#8211; Apasebek &#8211; az&#8230; <a class="continue-reading-link" href="https://www.szuletik.hu/?page_id=347">Cikk folytatása&#8230; <span class="meta-nav">&rarr; </span></a></p>
