{"id":81,"date":"2022-02-23T12:38:26","date_gmt":"2022-02-23T12:38:26","guid":{"rendered":"http:\/\/vuszuka.portalis.hu\/?page_id=81"},"modified":"2022-03-06T19:14:35","modified_gmt":"2022-03-06T19:14:35","slug":"programjaink","status":"publish","type":"page","link":"https:\/\/www.szuletik.hu\/?page_id=81","title":{"rendered":"PROGRAMJAINK"},"content":{"rendered":"\n<p><strong>EUR\u00d3PA J\u00d6V\u0150J\u00c9\u00c9RT KONFERENCIA SOROZAT KERET\u00c9BEN a Magyar V\u00e9d\u0151n\u0151k Szakmai Sz\u00f6vets\u00e9ge (MVSZSZ) \u00e9s a V\u00e9d\u0151n\u0151k\u00e9rt, \u00faj sz\u00fcl\u0151k \u00e9s \u00fajsz\u00fcl\u00f6ttek\u00e9rt Alap\u00edtv\u00e1ny (Alap\u00edtv\u00e1ny) \u00e1ltal szervezett rendezv\u00e9nyek<\/strong><\/p>\n\n\n\n<figure class=\"wp-block-image size-large is-style-default\"><img loading=\"lazy\" decoding=\"async\" width=\"1024\" height=\"256\" src=\"http:\/\/vuszuka.portalis.hu\/wp-content\/uploads\/2022\/02\/eumvszsz-1024x256.png\" alt=\"\" class=\"wp-image-138\" srcset=\"https:\/\/www.szuletik.hu\/wp-content\/uploads\/2022\/02\/eumvszsz-1024x256.png 1024w, https:\/\/www.szuletik.hu\/wp-content\/uploads\/2022\/02\/eumvszsz-300x75.png 300w, https:\/\/www.szuletik.hu\/wp-content\/uploads\/2022\/02\/eumvszsz-768x192.png 768w, https:\/\/www.szuletik.hu\/wp-content\/uploads\/2022\/02\/eumvszsz-1536x384.png 1536w, https:\/\/www.szuletik.hu\/wp-content\/uploads\/2022\/02\/eumvszsz-2048x512.png 2048w, https:\/\/www.szuletik.hu\/wp-content\/uploads\/2022\/02\/eumvszsz-150x38.png 150w, https:\/\/www.szuletik.hu\/wp-content\/uploads\/2022\/02\/eumvszsz-250x63.png 250w\" sizes=\"auto, (max-width: 1024px) 100vw, 1024px\" \/><\/figure>\n\n\n\n<p><strong><u>\u00c1TTEKINT\u00c9S ID\u0150RENDBEN:<\/u><\/strong><\/p>\n\n\n\n<ol class=\"wp-block-list\"><li><strong>\u00a002. 25. Az alapell\u00e1t\u00e1s digit\u00e1lis fejleszt\u00e9s\u00e9nek lehet\u0151s\u00e9gei &#8211; telemedicina\u00a0Eur\u00f3pa j\u00f6v\u0151j\u00e9\u00e9rt\u00a0<\/strong>(MVSZSZ)\u00a0<strong>HIBRID<\/strong><br><strong>\u00a0Helysz\u00edn:\u00a0<\/strong>P\u00e1rbesz\u00e9d H\u00e1za: \/\/ 1085 Budapest, Hor\u00e1nszky u. 20.<br><strong>\u00a0Online r\u00e9szv\u00e9tel \u00e9s visszan\u00e9zhet\u0151s\u00e9g:<\/strong>\u00a0<a rel=\"noreferrer noopener\" href=\"https:\/\/us02web.zoom.us\/j\/86503558923?pwd=UENmc0pvd25aaFd0MnhQWk50cWU4dz09\" target=\"_blank\">https:\/\/us02web.zoom.us\/j\/86503558923?pwd=UENmc0pvd25aaFd0MnhQWk50cWU4dz09<br><\/a><strong>Regisztr\u00e1ci\u00f3:<\/strong>\u00a0\u00a0<a href=\"https:\/\/www.mvszsz.hu\/index.php\/hu\/alapellatas-digitalis-fejlesztesenek-lehetosegei-regisztracio\">https:\/\/www.mvszsz.hu\/index.<\/a><a rel=\"noreferrer noopener\" href=\"https:\/\/www.mvszsz.hu\/index.php\/hu\/alapellatas-digitalis-fejlesztesenek-lehetosegei-regisztracio\" target=\"_blank\">php\/hu\/alapellatas-digitalis-fejlesztesenek-lehetosegei-regisztracio<br><\/a><\/li><li><strong>\u00a003.04. Partneri egy\u00fcttm\u0171k\u00f6d\u00e9s a csal\u00e1dok gondoz\u00e1s\u00e1ban &#8211; \u00faj fejleszt\u00e9sek Eur\u00f3pa j\u00f6v\u0151j\u00e9\u00e9rt<\/strong>\u00a0(Alap\u00edtv\u00e1ny)\u00a0<strong>HIBRID<\/strong><br><strong>\u00a0Helysz\u00edn:\u00a0<\/strong>P\u00e1rbesz\u00e9d H\u00e1za \/\/ 1085 Budapest, Hor\u00e1nszky u. 20.<br><strong>\u00a0Online r\u00e9szv\u00e9tel \u00e9s visszan\u00e9zhet\u0151s\u00e9g:<\/strong>\u00a0<a rel=\"noreferrer noopener\" href=\"https:\/\/us02web.zoom.us\/j\/82570471377?pwd=OVpUYXlHWitPTjh2Y0Jmc3BNUUQ0QT09\" target=\"_blank\">https:\/\/us02web.zoom.us\/j\/82570471377?pwd=OVpUYXlHWitPTjh2Y0Jmc3BNUUQ0QT0<br><\/a><strong>\u00a0Regisztr\u00e1ci\u00f3:\u00a0<\/strong><a href=\"https:\/\/docs.google.com\/forms\/u\/0\/d\/e\/1FAIpQLSdZ8zbwal5Hf_bmpwzlzlXlKqc05aHWoc-uqB9glfsYKZF2hA\/formResponse\"><a rel=\"noreferrer noopener\" href=\"https:\/\/docs.google.com\/forms\/u\/0\/d\/e\/1FAIpQLSdZ8zbwal5Hf_bmpwzlzlXlKqc05aHWoc-uqB9glfsYKZF2hA\/formResponse\" target=\"_blank\">https:\/\/docs.google.com\/forms\/u\/0\/d\/e\/1FAIpQLSdZ8zbwal5Hf_bmpwzlzlXlKqc05aHWoc-uqB9glfsYKZF2hA\/formResponse<\/a><\/a><a rel=\"noreferrer noopener\" href=\"https:\/\/forms.gle\/EN6o3stMvrxHNyfB8\" target=\"_blank\"><br><\/a><\/li><li><strong>\u00a003.07. 17.00-18.30 \u201eAsszerteen\u201d Applik\u00e1ci\u00f3 &#8211; fiatalok kommunik\u00e1ci\u00f3j\u00e1nak t\u00e1mogat\u00e1sa &#8211; Eur\u00f3pa j\u00f6v\u0151j\u00e9\u00e9rt\u00a0<\/strong>(Alap\u00edtv\u00e1ny) \u2013\u00a0<strong>ONLINE<\/strong><br><strong>\u00a0Online r\u00e9szv\u00e9tel \u00e9s visszan\u00e9zhet\u0151s\u00e9g:\u00a0<\/strong><a rel=\"noreferrer noopener\" href=\"https:\/\/us02web.zoom.us\/j\/82570471377?pwd=OVpUYXlHWitPTjh2Y0Jmc3BNUUQ0QT09\" target=\"_blank\">https:\/\/us02web.zoom.us\/j\/82570471377?pwd=OVpUYXlHWitPTjh2Y0Jmc3BNUUQ0QT09<br><\/a><strong>\u00a0Regisztr\u00e1ci\u00f3:<\/strong>\u00a0<a rel=\"noreferrer noopener\" href=\"https:\/\/forms.gle\/vfCQkb4Yhh7rkw8e6\" target=\"_blank\">https:\/\/forms.gle\/vfCQkb4Yhh7rkw8e6<br><\/a><\/li><li><strong>\u00a003.09. 17.30. A telemedicina j\u00f6v\u0151tervei a v\u00e9d\u0151n\u0151i gondoz\u00e1sban Eur\u00f3pa j\u00f6v\u0151j\u00e9\u00e9rt\u00a0<\/strong>(MVSZSZ) \u2013\u00a0<strong>ONLINE<\/strong><br><strong>\u00a0Online r\u00e9szv\u00e9tel \u00e9s visszan\u00e9zhet\u0151s\u00e9g:<\/strong>\u00a0<a rel=\"noreferrer noopener\" href=\"https:\/\/us02web.zoom.us\/j\/81022853448?pwd=REJvQi9wVmVIYkM0djdCSlNkMGFUUT09\" target=\"_blank\">https:\/\/us02web.zoom.us\/j\/81022853448?pwd=REJvQi9wVmVIYkM0djdCSlNkMGFUUT09<br><\/a><strong>Regisztr\u00e1ci\u00f3:<\/strong>\u00a0<a rel=\"noreferrer noopener\" href=\"https:\/\/www.mvszsz.hu\/index.php\/hu\/a-telemedicina-jovotervei-a-vedonoi-gondozasban-regisztracio\" target=\"_blank\">https:\/\/www.mvszsz.hu\/index.php\/hu\/a-telemedicina-jovotervei-a-vedonoi-gondozasban-regisztracio<br><\/a><\/li><li><strong>\u00a003.11. N\u0151i Eg\u00e9szs\u00e9gnap dr. Hugonnai Vilma els\u0151 magyar orvosn\u0151 szerepe a Csal\u00e1dok \u00e9s N\u0151k eg\u00e9szs\u00e9g\u00e9nek meg\u0151rz\u00e9s\u00e9ben \u2013 Eur\u00f3pa j\u00f6v\u0151j\u00e9\u00e9rt\u00a0<\/strong>(Alap\u00edtv\u00e1ny A Magyar N\u0151i Uni\u00f3 Egyes\u00fclettel) \u2013\u00a0<strong>HIBRID<\/strong><br><strong>\u00a0Helysz\u00edn:\u00a0<\/strong>Semmelweis Orvost\u00f6rt\u00e9neti M\u00fazeum \/\/ 1013 Budapest, Apr\u00f3d u. 1-3.<br><strong>\u00a0Online r\u00e9szv\u00e9tel \u00e9s visszan\u00e9zhet\u0151s\u00e9g:<\/strong>\u00a0<a rel=\"noreferrer noopener\" href=\"https:\/\/us02web.zoom.us\/j\/87608935843?pwd=MnR5R3B1ODZsaUE5TEhqQ0RQdWxMUT09\" target=\"_blank\">https:\/\/us02web.zoom.us\/j\/87608935843?pwd=MnR5R3B1ODZsaUE5TEhqQ0RQdWxMUT09<br><\/a><strong>Regisztr\u00e1ci\u00f3:<\/strong>\u00a0<a rel=\"noreferrer noopener\" href=\"https:\/\/docs.google.com\/forms\/d\/e\/1FAIpQLSdZ8zbwal5Hf_bmpwzlzlXlKqc05aHWoc-uqB9glfsYKZF2hA\/viewform?usp=sf_link\" target=\"_blank\">https:\/\/forms.gle\/b9XyFKnMYCjLFVCc8<\/a><a rel=\"noreferrer noopener\" href=\"https:\/\/forms.gle\/b9XyFKnMYCjLFVCc8\" target=\"_blank\"><br><\/a><\/li><li><strong>\u00a003.25. A szoptat\u00e1s \u00e9s anyatejad\u00e1s er\u0151s\u00edt\u00e9se Eur\u00f3pa j\u00f6v\u0151j\u00e9\u00e9rt\u00a0<\/strong>(MVSZSZ)\u00a0<strong>HIBRID<\/strong><br><strong>\u00a0Helysz\u00edn:\u00a0<\/strong>P\u00e1rbesz\u00e9d H\u00e1za \/\/ 1085 Budapest, Hor\u00e1nszky u. 20.<br><strong>\u00a0Online r\u00e9szv\u00e9tel \u00e9s visszan\u00e9zhet\u0151s\u00e9g:\u00a0<\/strong><a rel=\"noreferrer noopener\" href=\"https:\/\/us02web.zoom.us\/j\/85818134382?pwd=UkJzT1BpcTZDa2pHZmJub1VESG9Edz09\" target=\"_blank\">https:\/\/us02web.zoom.us\/j\/85818134382?pwd=UkJzT1BpcTZDa2pHZmJub1VESG9Edz09<br><\/a><strong>\u00a0Regisztr\u00e1ci\u00f3:<\/strong>\u00a0<a rel=\"noreferrer noopener\" href=\"https:\/\/www.mvszsz.hu\/index.php\/hu\/a-szoptatas-es-anyatejadas-erositese-europa-jovojeert-regisztracio\" target=\"_blank\">https:\/\/www.mvszsz.hu\/index.php\/hu\/a-szoptatas-es-anyatejadas-erositese-europa-jovojeert-regisztracio<\/a><\/li><\/ol>\n\n\n\n<hr class=\"wp-block-separator\"\/>\n\n\n\n<figure class=\"wp-block-image size-large\"><img loading=\"lazy\" decoding=\"async\" width=\"1024\" height=\"414\" src=\"http:\/\/vuszuka.portalis.hu\/wp-content\/uploads\/2022\/02\/Honlapmegjelenes_ME_BGA_logo_MVSZSZ-1024x414.png\" alt=\"\" class=\"wp-image-141\" srcset=\"https:\/\/www.szuletik.hu\/wp-content\/uploads\/2022\/02\/Honlapmegjelenes_ME_BGA_logo_MVSZSZ-1024x414.png 1024w, https:\/\/www.szuletik.hu\/wp-content\/uploads\/2022\/02\/Honlapmegjelenes_ME_BGA_logo_MVSZSZ-300x121.png 300w, https:\/\/www.szuletik.hu\/wp-content\/uploads\/2022\/02\/Honlapmegjelenes_ME_BGA_logo_MVSZSZ-768x311.png 768w, https:\/\/www.szuletik.hu\/wp-content\/uploads\/2022\/02\/Honlapmegjelenes_ME_BGA_logo_MVSZSZ-1536x621.png 1536w, https:\/\/www.szuletik.hu\/wp-content\/uploads\/2022\/02\/Honlapmegjelenes_ME_BGA_logo_MVSZSZ-2048x828.png 2048w, https:\/\/www.szuletik.hu\/wp-content\/uploads\/2022\/02\/Honlapmegjelenes_ME_BGA_logo_MVSZSZ-150x61.png 150w, https:\/\/www.szuletik.hu\/wp-content\/uploads\/2022\/02\/Honlapmegjelenes_ME_BGA_logo_MVSZSZ-250x101.png 250w\" sizes=\"auto, (max-width: 1024px) 100vw, 1024px\" \/><\/figure>\n","protected":false},"excerpt":{"rendered":"<p>EUR\u00d3PA J\u00d6V\u0150J\u00c9\u00c9RT KONFERENCIA SOROZAT KERET\u00c9BEN a Magyar V\u00e9d\u0151n\u0151k Szakmai Sz\u00f6vets\u00e9ge (MVSZSZ) \u00e9s a V\u00e9d\u0151n\u0151k\u00e9rt, \u00faj sz\u00fcl\u0151k \u00e9s \u00fajsz\u00fcl\u00f6ttek\u00e9rt Alap\u00edtv\u00e1ny (Alap\u00edtv\u00e1ny) \u00e1ltal szervezett rendezv\u00e9nyek \u00c1TTEKINT\u00c9S ID\u0150RENDBEN: \u00a002. 25. Az alapell\u00e1t\u00e1s digit\u00e1lis fejleszt\u00e9s\u00e9nek lehet\u0151s\u00e9gei &#8211; telemedicina\u00a0Eur\u00f3pa j\u00f6v\u0151j\u00e9\u00e9rt\u00a0(MVSZSZ)\u00a0HIBRID\u00a0Helysz\u00edn:\u00a0P\u00e1rbesz\u00e9d H\u00e1za: \/\/ 1085 Budapest, Hor\u00e1nszky u. 20.\u00a0Online r\u00e9szv\u00e9tel \u00e9s visszan\u00e9zhet\u0151s\u00e9g:\u00a0https:\/\/us02web.zoom.us\/j\/86503558923?pwd=UENmc0pvd25aaFd0MnhQWk50cWU4dz09Regisztr\u00e1ci\u00f3:\u00a0\u00a0https:\/\/www.mvszsz.hu\/index.php\/hu\/alapellatas-digitalis-fejlesztesenek-lehetosegei-regisztracio \u00a003.04. Partneri egy\u00fcttm\u0171k\u00f6d\u00e9s a csal\u00e1dok&#8230; <a class=\"continue-reading-link\" href=\"https:\/\/www.szuletik.hu\/?page_id=81\">Cikk folytat\u00e1sa&#8230; <span class=\"meta-nav\">&rarr; <\/span><\/a><\/p>\n","protected":false},"author":1,"featured_media":0,"parent":0,"menu_order":0,"comment_status":"closed","ping_status":"closed","template":"","meta":{"footnotes":""},"class_list":["post-81","page","type-page","status-publish","hentry"],"_links":{"self":[{"href":"https:\/\/www.szuletik.hu\/index.php?rest_route=\/wp\/v2\/pages\/81","targetHints":{"allow":["GET"]}}],"collection":[{"href":"https:\/\/www.szuletik.hu\/index.php?rest_route=\/wp\/v2\/pages"}],"about":[{"href":"https:\/\/www.szuletik.hu\/index.php?rest_route=\/wp\/v2\/types\/page"}],"author":[{"embeddable":true,"href":"https:\/\/www.szuletik.hu\/index.php?rest_route=\/wp\/v2\/users\/1"}],"replies":[{"embeddable":true,"href":"https:\/\/www.szuletik.hu\/index.php?rest_route=%2Fwp%2Fv2%2Fcomments&post=81"}],"version-history":[{"count":8,"href":"https:\/\/www.szuletik.hu\/index.php?rest_route=\/wp\/v2\/pages\/81\/revisions"}],"predecessor-version":[{"id":213,"href":"https:\/\/www.szuletik.hu\/index.php?rest_route=\/wp\/v2\/pages\/81\/revisions\/213"}],"wp:attachment":[{"href":"https:\/\/www.szuletik.hu\/index.php?rest_route=%2Fwp%2Fv2%2Fmedia&parent=81"}],"curies":[{"name":"wp","href":"https:\/\/api.w.org\/{rel}","templated":true}]}}